{"id":5666034,"date":"2020-06-22T11:09:04","date_gmt":"2020-06-22T11:09:04","guid":{"rendered":"http:\/\/demo22\/?page_id=6"},"modified":"2025-07-23T21:28:44","modified_gmt":"2025-07-23T21:28:44","slug":"home-4","status":"publish","type":"page","link":"https:\/\/dubrovackabastina.com\/","title":{"rendered":"Naslovna"},"content":{"rendered":"[vc_row full_width=&#8221;stretch_row&#8221; css=&#8221;.vc_custom_1752048289886{background: #f9f9f9 url(https:\/\/dubrovackabastina.com\/wp3\/wordpress\/wp-content\/uploads\/2020\/02\/dm22__image_15-min.jpg?id=5666330) !important;}&#8221; side_background_title_color=&#8221;#000000&#8243;][vc_column][vc_empty_space height=&#8221;100px&#8221; el_class=&#8221;norebro-phone-space&#8221;][vc_single_image image=&#8221;5666337&#8243; alignment=&#8221;center&#8221; el_id=&#8221;style-svg&#8221;][vc_empty_space]<div class=\"norebro-heading-sc heading nor-heading-xs text-center\"\n\tid=\"norebro-custom-69f41b81dba4f\" \n\t \n\t>\n\t\n\t\t\t<p class=\"subtitle\">\n\t\t\tDobar \u017eivot je onaj kojeg dobro isplaniramo\t\t<\/p>\n\t\n\t\n\t<h3 class=\"title subtitle-top\">\n\t\tDo\u017eivite svoje najljep\u0161e trenutke\t<\/h3>\n\n\t\t\t<div class=\"divider\"><\/div>\n\t\n\t\t\n<\/div>[vc_empty_space height=&#8221;10px&#8221;]<div class=\"norebro-text-sc \" \n\tid=\"norebro-custom-69f41b81dbae8\" \n\t \n\t>\n\n\t<p style=\"text-align: center;\">Dubrova\u010dka ba\u0161tina d.o.o. dru\u0161tvo je Grada Dubrovnika koje upravlja jednim od <br class=\"vc_hidden-xs\" \/>najljep\u0161ih povijesnih zdanja na\u0161eg kraja. <br class=\"vc_hidden-xs\" \/>Povijesne \u010dinjenice o vrijednosti ovih zdanja govore same za sebe, <br class=\"vc_hidden-xs\" \/>a mi \u0107emo ove vrijedne prostore pribli\u017eiti svim potencijalnim <br class=\"vc_hidden-xs\" \/>korisnicima koji \u017eele iznajmiti navedene prostore.<\/p>\n\t\n<\/div>[vc_empty_space height=&#8221;60px&#8221;][vc_row_inner][vc_column_inner width=&#8221;1\/2&#8243;]<div class=\"norebro-banner-box-sc banner-box overlay-title\"\n\tid=\"norebro-custom-69f41b81dbc4f\"\n\t\t>\n\n\t\t\t<div class=\"image-wrap\">\n\t\t\t<img src=\"https:\/\/dubrovackabastina.com\/wp-content\/uploads\/2020\/02\/naslovna-LAZARETI-scaled.jpg\" alt=\"Lazareti\">\n\t\t\t<div class=\"overlay default\">\n\t\t\t\t\t\t\t<\/div>\n\t\t<\/div>\n\t\t<div class=\"content\">\n\n\t\t\t<div class=\"title-wrap\">\n\t\t\t\t<h4>Lazareti<\/h4>\n\t\t\t\t\t\t\t\t<p class=\"subtitle\">Lazareti imaju 10 la\u0111a i pet terasa vi\u0161estruke namjene<\/p>\n\t\t\t\t\t\t\t<\/div>\n\n\t\t\t<div class=\"description-wrap\">\n\t\t\t\t<p class=\"description\">Komercijalna namjena prostora Lazareta je vrlo va\u017ena jer se na taj na\u010din ovaj vrijedni prostor pribli\u017eio onima kojima i treba biti namijenjen - ljudima.<\/p>\n\n\t\t\t\t\t\t\t\t<a class=\"btn btn-small btn-outline\" href=\"https:\/\/dubrovackabastina.com\/?page_id=5650035\">\n\t\t\t\t\tLazareti\t\t\t\t\t\t\t\t\t<\/a>\n\t\t\t\t\t\t\t<\/div>\n\n\t\t<\/div>\n\t\n<\/div>\n[vc_empty_space]<div class=\"norebro-banner-box-sc banner-box overlay-title\"\n\tid=\"norebro-custom-69f41b81dbe6d\"\n\t\t>\n\n\t\t\t<div class=\"image-wrap\">\n\t\t\t<img src=\"https:\/\/dubrovackabastina.com\/wp-content\/uploads\/2025\/07\/346729873.jpg\" alt=\"Dubrovnik Central Accommodation\">\n\t\t\t<div class=\"overlay default\">\n\t\t\t\t\t\t\t<\/div>\n\t\t<\/div>\n\t\t<div class=\"content\">\n\n\t\t\t<div class=\"title-wrap\">\n\t\t\t\t<h4>Dubrovnik Central Accommodation<\/h4>\n\t\t\t\t\t\t\t\t<p class=\"subtitle\">Dubrovnik Central Accommodation nudi 10 komfornih i suvremeno ure\u0111enih dvokrevetnih soba<\/p>\n\t\t\t\t\t\t\t<\/div>\n\n\t\t\t<div class=\"description-wrap\">\n\t\t\t\t<p class=\"description\">Dubrovnik Central Accommodation nudi 10 komfornih i suvremeno ure\u0111enih dvokrevetnih soba s privatnim kupaonicama i jedan apartman s kuhinjom opremljenom svim potrebnim kuhinjskim pomagalima i prostranom kupaonicom<\/p>\n\n\t\t\t\t\t\t\t\t<a class=\"btn btn-small btn-outline\" href=\"https:\/\/dubrovackabastina.com\/?page_id=5669601\">\n\t\t\t\t\tDubrovnik Central Accommodation\t\t\t\t\t\t\t\t\t<\/a>\n\t\t\t\t\t\t\t<\/div>\n\n\t\t<\/div>\n\t\n<\/div>\n[vc_empty_space height=&#8221;100px&#8221;][\/vc_column_inner][vc_column_inner width=&#8221;1\/2&#8243;]<div class=\"norebro-banner-box-sc banner-box overlay-title\"\n\tid=\"norebro-custom-69f41b81dc027\"\n\t\t>\n\n\t\t\t<div class=\"image-wrap\">\n\t\t\t<img src=\"https:\/\/dubrovackabastina.com\/wp-content\/uploads\/2025\/07\/Dubrovink-048-scaled.jpg\" alt=\"Park Orsula\">\n\t\t\t<div class=\"overlay default\">\n\t\t\t\t\t\t\t<\/div>\n\t\t<\/div>\n\t\t<div class=\"content\">\n\n\t\t\t<div class=\"title-wrap\">\n\t\t\t\t<h4>Park Orsula<\/h4>\n\t\t\t\t\t\t\t<\/div>\n\n\t\t\t<div class=\"description-wrap\">\n\t\t\t\t<p class=\"description\">Park Orsula iznimno je slikovita i intimna lokacija koja pru\u017ea jedan od najljep\u0161ih pogleda na staru gradsku jezgru i otok Lokrum.<\/p>\n\n\t\t\t\t\t\t\t\t<a class=\"btn btn-small btn-outline\" href=\"#\">\n\t\t\t\t\tRead More\t\t\t\t\t\t\t\t\t<\/a>\n\t\t\t\t\t\t\t<\/div>\n\n\t\t<\/div>\n\t\n<\/div>\n[vc_empty_space][\/vc_column_inner][\/vc_row_inner][vc_empty_space height=&#8221;100px&#8221;][\/vc_column][vc_column][\/vc_column][vc_column][\/vc_column][vc_column][\/vc_column][\/vc_row][vc_row full_width=&#8221;stretch_row&#8221; css=&#8221;.vc_custom_1582786019093{background: #ffffff url(https:\/\/dubrovackabastina.com\/wp-content\/uploads\/2020\/02\/TPL_6276-scaled.jpg?id=5666347) !important;background-position: center !important;background-repeat: no-repeat !important;background-size: cover !important;}&#8221;][vc_column][vc_empty_space height=&#8221;110px&#8221; el_class=&#8221;norebro-phone-space&#8221;]<div class=\"norebro-heading-sc heading nor-heading-xs text-center\"\n\tid=\"norebro-custom-69f41b81dc0bb\" \n\t \n\t>\n\t\n\t\t\t<p class=\"subtitle\">\n\t\t\tKako bi John Lennon rekao:\t\t<\/p>\n\t\n\t\n\t<h3 class=\"title subtitle-top\">\n\t\t'\u017divot je ono \u0161to se doga\u0111a<br class=\"vc_hidden-xs\"> dok Vi pravite planove za \u017eivot'\t<\/h3>\n\n\t\t\t<div class=\"divider\"><\/div>\n\t\n\t\t\n<\/div>[vc_empty_space height=&#8221;10px&#8221;]<div class=\"norebro-text-sc \" \n\tid=\"norebro-custom-69f41b81dc115\" \n\t \n\t>\n\n\t<p style=\"text-align: center;\"><span style=\"color: #ffffff;\">Prostor dubrova\u010dkih Lazareta za komercijalne namjene nudi pet la\u0111a s pripadaju\u0107im terasama, kao i plato povi\u0161e la\u0111a. <br class=\"vc_hidden-xs\" \/><\/span><\/p>\n\t\n<\/div>[vc_empty_space height=&#8221;30px&#8221;]\n\t<div class=\"text-center\">\n\t\t<div class=\"norebro-video-module-sc video-module  boxed outline with-anim\"\n\t\tid=\"norebro-custom-69f41b81dc14f\"\n\t\tdata-video-module=\"https:\/\/dubrovackabastina.com\/wp-content\/uploads\/2020\/01\/Dubrovacka-bastina_kratka_verzija_MOB_WEB_mala.mp4\"\n\t\tdata-video-start=\"0\"\n\t\t\t\t>\n\n\t\t\t<div class=\"btn-play outline\">\n\t\t\t\t<span class=\"icon ion-ios-play\"><\/span>\n\t\t\t<\/div>\n\n\t\t\t\n\t\t<\/div>\n\t<\/div>\n\n[vc_empty_space height=&#8221;120px&#8221; el_class=&#8221;norebro-phone-space&#8221;][\/vc_column][\/vc_row][vc_row full_width=&#8221;stretch_row&#8221; el_class=&#8221;norebro-bg-bottom-right&#8221;][vc_column width=&#8221;5\/12&#8243;][vc_empty_space height=&#8221;100px&#8221; el_class=&#8221;norebro-phone-space&#8221;][vc_single_image image=&#8221;5652062&#8243; img_size=&#8221;full&#8221; css_animation=&#8221;fadeIn&#8221;][\/vc_column][vc_column width=&#8221;1\/12&#8243;][\/vc_column][vc_column width=&#8221;1\/2&#8243;][vc_empty_space height=&#8221;100px&#8221; el_class=&#8221;norebro-phone-space&#8221;]<div class=\"norebro-heading-sc heading nor-heading-xs text-left\"\n\tid=\"norebro-custom-69f41b81dc1c1\" \n\t \n\t>\n\t\n\t\t\t<p class=\"subtitle\">\n\t\t\tSvi va\u0161i eventi pretvorit \u0107e se u ljepotu\t\t<\/p>\n\t\n\t\n\t<h3 class=\"title subtitle-top\">\n\t\tVjen\u010danja, ve\u010dere, kongresi, predavanja, prijemi, obljetnice, festivali\u2026\t<\/h3>\n\n\t\t\t<div class=\"divider\"><\/div>\n\t\n\t\t\n<\/div>[vc_empty_space height=&#8221;10px&#8221;]<div class=\"norebro-text-sc \" \n\tid=\"norebro-custom-69f41b81dc210\" \n\t \n\t>\n\n\t<p><span style=\"color: #5c5c5d;\">&#8230;neki su od doga\u0111aja za koje Dubrova\u010dka ba\u0161tina svoje prostore iznajmljuje prema posebnim uvjetima kori\u0161tenja i cjeniku. \u00a0<\/span><\/p>\n<p>Ka\u017ee se kako je dobar \u017eivot onaj kojeg dobro isplaniramo, pa kako bi i sam <em>John Lennon<\/em> rekao <em>&#8216;\u017divot je ono \u0161to se doga\u0111a dok Vi pravite planove za \u017eivot&#8217;. <\/em>Stoga isplanirajte svoje najljep\u0161e trenutke u jednim od najljep\u0161ih prostora u Dubrovniku.<\/p>\n\t\n<\/div>[vc_empty_space height=&#8221;30px&#8221;][vc_empty_space height=&#8221;100px&#8221;][\/vc_column][\/vc_row][vc_row full_width=&#8221;stretch_row&#8221; css=&#8221;.vc_custom_1582786506665{background-color: #ffffff !important;}&#8221;][vc_column][vc_empty_space height=&#8221;100px&#8221;]<div class=\"norebro-heading-sc heading text-left\"\n\tid=\"norebro-custom-69f41b81dc240\" \n\t \n\t>\n\t\n\t\n\t\n\t<h2 class=\"title\">\n\t\tDoga\u0111anja\t<\/h2>\n\n\t\t\t<div class=\"divider\"><\/div>\n\t\n\t\t\t<p class=\"subtitle\">\n\t\t\t\t\t<\/p>\n\t\t\n<\/div>[vc_empty_space height=&#8221;60px&#8221;]<div class=\"norebro-text-sc \" \n\tid=\"norebro-custom-69f41b81dc278\" \n\t \n\t>\n\n\t<div id=\"vsel\" class=\"vsel-container\"><div id=\"event-5670053\" class=\"vsel-content edukacija predavanje prezentacija radionica vsel-past\"><div class=\"vsel-meta\"><h3 class=\"vsel-meta-title\"><a href=\"https:\/\/dubrovackabastina.com\/?event=radionica-vedrana-mezeija-od-ideje-do-publike-vodic-kroz-javni-nastup-i-prezentacijske-vjestine\" rel=\"bookmark\" title=\"RADIONICA VEDRANA MEZEIJA: OD IDEJE DO PUBLIKE \u2013 VODI\u010c KROZ JAVNI NASTUP I PREZENTACIJSKE VJE\u0160TINE\">RADIONICA VEDRANA MEZEIJA: OD IDEJE DO PUBLIKE \u2013 VODI\u010c KROZ JAVNI NASTUP I PREZENTACIJSKE VJE\u0160TINE<\/a><\/h3><p class=\"vsel-meta-date vsel-meta-single-date\"><span>11, March, 2026<\/span><\/p><\/div><div class=\"vsel-image-info\"><a href=\"https:\/\/dubrovackabastina.com\/?event=radionica-vedrana-mezeija-od-ideje-do-publike-vodic-kroz-javni-nastup-i-prezentacijske-vjestine\"><img class =\"vsel-image\" src=\"https:\/\/dubrovackabastina.com\/wp-content\/uploads\/2026\/03\/0001a-vizual-200x200.png\" width=\"200\" height=\"200\" style=\"max-width:24%;\" alt=\"0001a vizual\" \/><\/a><div class=\"vsel-info\"><p>[vc_row][vc_column][vc_empty_space][vc_empty_space][vc_column_text] Na tra\u017eenje publike Vedran Mezei odr\u017eao je 11. o\u017eujka jo\u0161 jednu radionicu o&#8230;<\/p>\n<\/div><\/div><\/div><div id=\"event-5670037\" class=\"vsel-content glazba predavanje vsel-past\"><div class=\"vsel-meta\"><h3 class=\"vsel-meta-title\"><a href=\"https:\/\/dubrovackabastina.com\/?event=predavanje-vedrana-mezeija-valentinovo-na-petak-trinaesti-kad-ljubavni-trokut-napise-pjesmu\" rel=\"bookmark\" title=\"PREDAVANJE VEDRANA MEZEIJA: VALENTINOVO NA PETAK TRINAESTI \u2013 KAD LJUBAVNI TROKUT NAPI\u0160E PJESMU\">PREDAVANJE VEDRANA MEZEIJA: VALENTINOVO NA PETAK TRINAESTI \u2013 KAD LJUBAVNI TROKUT NAPI\u0160E PJESMU<\/a><\/h3><p class=\"vsel-meta-date vsel-meta-single-date\"><span>13, February, 2026<\/span><\/p><\/div><div class=\"vsel-image-info\"><a href=\"https:\/\/dubrovackabastina.com\/?event=predavanje-vedrana-mezeija-valentinovo-na-petak-trinaesti-kad-ljubavni-trokut-napise-pjesmu\"><img class =\"vsel-image\" src=\"https:\/\/dubrovackabastina.com\/wp-content\/uploads\/2026\/02\/Image-FB-event-200x200.png\" width=\"200\" height=\"200\" style=\"max-width:24%;\" alt=\"Image FB event\" \/><\/a><div class=\"vsel-info\"><p>[vc_row][vc_column][vc_empty_space][vc_empty_space][vc_column_text]Uo\u010di Dana zaljubljenih, 13. velja\u010de 2026. u 19 sati Dubrova\u010dka ba\u0161tina organizirala je predavanje&#8230;<\/p>\n<\/div><\/div><\/div><div id=\"event-5670033\" class=\"vsel-content sajam vsel-past\"><div class=\"vsel-meta\"><h3 class=\"vsel-meta-title\"><a href=\"https:\/\/dubrovackabastina.com\/?event=tradicionalni-sajam-u-lazaretima-uz-festu-sv-vlaha\" rel=\"bookmark\" title=\"TRADICIONALNI SAJAM U LAZARETIMA UZ FESTU SV. VLAHA\">TRADICIONALNI SAJAM U LAZARETIMA UZ FESTU SV. VLAHA<\/a><\/h3><p class=\"vsel-meta-date vsel-meta-single-date\"><span>31, January, 2026<\/span><\/p><\/div><div class=\"vsel-image-info\"><a href=\"https:\/\/dubrovackabastina.com\/?event=tradicionalni-sajam-u-lazaretima-uz-festu-sv-vlaha\"><img class =\"vsel-image\" src=\"https:\/\/dubrovackabastina.com\/wp-content\/uploads\/2026\/01\/sajam-lazareti-B2.pdf-200x200.png\" width=\"200\" height=\"200\" style=\"max-width:24%;\" alt=\"sajam lazareti B2.pdf\" \/><\/a><div class=\"vsel-info\"><p>[vc_row][vc_column][vc_empty_space][vc_empty_space][vc_column_text]Od 31. sije\u010dnja do 3. velja\u010de 2026. na Platou Lazareta odr\u017eava se tradiocionalni sajam&#8230;<\/p>\n<\/div><\/div><\/div><div id=\"event-5670003\" class=\"vsel-content izlozba kreativnost vsel-past\"><div class=\"vsel-meta\"><h3 class=\"vsel-meta-title\"><a href=\"https:\/\/dubrovackabastina.com\/?event=izlozba-matka-trebotica-nove-slike-u-lazaretima\" rel=\"bookmark\" title=\"IZLO\u017dBA MATKA TREBOTI\u0106A &#8216;NOVE SLIKE&#8217; U LAZARETIMA\">IZLO\u017dBA MATKA TREBOTI\u0106A &#8216;NOVE SLIKE&#8217; U LAZARETIMA<\/a><\/h3><p class=\"vsel-meta-date vsel-meta-single-date\"><span>20, January, 2026<\/span><\/p><\/div><div class=\"vsel-image-info\"><a href=\"https:\/\/dubrovackabastina.com\/?event=izlozba-matka-trebotica-nove-slike-u-lazaretima\"><img class =\"vsel-image\" src=\"https:\/\/dubrovackabastina.com\/wp-content\/uploads\/2026\/01\/plakat-B1_page-0001-1-200x200.jpg\" width=\"200\" height=\"200\" style=\"max-width:24%;\" alt=\"plakat B1_page-0001\" \/><\/a><div class=\"vsel-info\"><p>[vc_row][vc_column][vc_empty_space][vc_empty_space][vc_column_text]U organizaciji Dubrova\u010dke ba\u0161tine d.o.o. i obitelji Petrovi\u0107 odr\u017eava se jo\u0161 jedna u nizu&#8230;<\/p>\n<\/div><\/div><\/div><div id=\"event-5669949\" class=\"vsel-content edukacija izlozba koncert konferencija kreativnost prezentacija radionica znanost vsel-past\"><div class=\"vsel-meta\"><h3 class=\"vsel-meta-title\"><a href=\"https:\/\/dubrovackabastina.com\/?event=xii-dani-kulturnih-i-kreativnih-industrija\" rel=\"bookmark\" title=\"XII. DANI KREATIVNIH I KULTURNIH INDUSTRIJA\">XII. DANI KREATIVNIH I KULTURNIH INDUSTRIJA<\/a><\/h3><p class=\"vsel-meta-date vsel-meta-single-date\"><span>12, November, 2025<\/span><\/p><\/div><div class=\"vsel-image-info\"><a href=\"https:\/\/dubrovackabastina.com\/?event=xii-dani-kulturnih-i-kreativnih-industrija\"><img class =\"vsel-image\" src=\"https:\/\/dubrovackabastina.com\/wp-content\/uploads\/2025\/11\/578264952_1261074892727539_5722505285131617859_n-200x200.jpg\" width=\"200\" height=\"200\" style=\"max-width:24%;\" alt=\"578264952_1261074892727539_5722505285131617859_n\" \/><\/a><div class=\"vsel-info\"><p>[vc_row][vc_column][vc_empty_space][vc_empty_space][vc_column_text] Dubrova\u010dka razvojna agencija DURA, u suradnji s institucijama, udrugama i pojedincima iz kulturnog,&#8230;<\/p>\n<\/div><\/div><\/div><div id=\"event-5669877\" class=\"vsel-content festival glazba koncert nightlife vsel-past\"><div class=\"vsel-meta\"><h3 class=\"vsel-meta-title\"><a href=\"https:\/\/dubrovackabastina.com\/?event=street-food-festival-foodravanje-2\" rel=\"bookmark\" title=\"DUBROVNIK JAZZ OUTBREAK 2025 FESTIVAL\">DUBROVNIK JAZZ OUTBREAK 2025 FESTIVAL<\/a><\/h3><p class=\"vsel-meta-date vsel-meta-single-date\"><span>7, November, 2025<\/span><\/p><\/div><div class=\"vsel-image-info\"><a href=\"https:\/\/dubrovackabastina.com\/?event=street-food-festival-foodravanje-2\"><img class =\"vsel-image\" src=\"https:\/\/dubrovackabastina.com\/wp-content\/uploads\/2025\/11\/DJO-socials-post-kv-1-1-200x200.png\" width=\"200\" height=\"200\" style=\"max-width:24%;\" alt=\"DJO-socials-post-kv-1-1\" \/><\/a><div class=\"vsel-info\"><p>[vc_row][vc_column][vc_empty_space][vc_empty_space][vc_column_text] Od 7. do 9. studenog, Lazareti su ponovno postali epicentar jazza, umjetnosti i&#8230;<\/p>\n<\/div><\/div><\/div><div class=\"vsel-nav\"><a href=\"https:\/\/dubrovackabastina.com\/index.php?rest_route=%2Fwp%2Fv2%2Fpages%2F5666034&#038;paged=2\" class=\"next\">Next &raquo;<\/a><\/div><\/div>\n\t\n<\/div>[vc_empty_space height=&#8221;120px&#8221;][\/vc_column][\/vc_row]\n","protected":false},"excerpt":{"rendered":"<p>[vc_row full_width=&#8221;stretch_row&#8221; css=&#8221;.vc_custom_1752048289886{background: #f9f9f9 url(https:\/\/dubrovackabastina.com\/wp3\/wordpress\/wp-content\/uploads\/2020\/02\/dm22__image_15-min.jpg?id=5666330) !important;}&#8221; side_background_title_color=&#8221;#000000&#8243;][vc_column][vc_empty_space height=&#8221;100px&#8221; el_class=&#8221;norebro-phone-space&#8221;][vc_single_image image=&#8221;5666337&#8243; alignment=&#8221;center&#8221; el_id=&#8221;style-svg&#8221;][vc_empty_space][vc_empty_space height=&#8221;10px&#8221;][vc_empty_space height=&#8221;60px&#8221;][vc_row_inner][vc_column_inner&#8230;<\/p>\n","protected":false},"author":1,"featured_media":5669552,"parent":0,"menu_order":0,"comment_status":"closed","ping_status":"closed","template":"","meta":[],"folder":[],"_links":{"self":[{"href":"https:\/\/dubrovackabastina.com\/index.php?rest_route=\/wp\/v2\/pages\/5666034"}],"collection":[{"href":"https:\/\/dubrovackabastina.com\/index.php?rest_route=\/wp\/v2\/pages"}],"about":[{"href":"https:\/\/dubrovackabastina.com\/index.php?rest_route=\/wp\/v2\/types\/page"}],"author":[{"embeddable":true,"href":"https:\/\/dubrovackabastina.com\/index.php?rest_route=\/wp\/v2\/users\/1"}],"replies":[{"embeddable":true,"href":"https:\/\/dubrovackabastina.com\/index.php?rest_route=%2Fwp%2Fv2%2Fcomments&post=5666034"}],"version-history":[{"count":149,"href":"https:\/\/dubrovackabastina.com\/index.php?rest_route=\/wp\/v2\/pages\/5666034\/revisions"}],"predecessor-version":[{"id":5669690,"href":"https:\/\/dubrovackabastina.com\/index.php?rest_route=\/wp\/v2\/pages\/5666034\/revisions\/5669690"}],"wp:featuredmedia":[{"embeddable":true,"href":"https:\/\/dubrovackabastina.com\/index.php?rest_route=\/wp\/v2\/media\/5669552"}],"wp:attachment":[{"href":"https:\/\/dubrovackabastina.com\/index.php?rest_route=%2Fwp%2Fv2%2Fmedia&parent=5666034"}],"wp:term":[{"taxonomy":"folder","embeddable":true,"href":"https:\/\/dubrovackabastina.com\/index.php?rest_route=%2Fwp%2Fv2%2Ffolder&post=5666034"}],"curies":[{"name":"wp","href":"https:\/\/api.w.org\/{rel}","templated":true}]}}