{"id":5666531,"date":"2020-02-17T15:54:30","date_gmt":"2020-02-17T15:54:30","guid":{"rendered":"http:\/\/www.dubrovackabastina.com\/wp3\/wordpress\/?page_id=5666531"},"modified":"2026-04-29T11:28:18","modified_gmt":"2026-04-29T11:28:18","slug":"javna-nabava","status":"publish","type":"page","link":"https:\/\/dubrovackabastina.com\/?page_id=5666531","title":{"rendered":"Javna nabava"},"content":{"rendered":"[vc_row][vc_column][vc_empty_space height=&#8221;100px&#8221;][\/vc_column][\/vc_row][vc_row full_width=&#8221;stretch_row&#8221;][vc_column width=&#8221;1\/2&#8243;]<div class=\"norebro-heading-sc heading text-left\"\n\tid=\"norebro-custom-69f33df029181\" \n\t \n\t>\n\t\n\t\n\t\n\t<h4 class=\"title\">\n\t\tKontakt\t<\/h4>\n\n\t\t\t<div class=\"divider\"><\/div>\n\t\n\t\t\n<\/div>[vc_empty_space height=&#8221;10px&#8221;]<div class=\"norebro-text-sc \" \n\tid=\"norebro-custom-69f33df02920f\" \n\t \n\t>\n\n\t<p>info@dubrovackabastina.com<br \/>\n+ 385 20 446 184<\/p>\n\t\n<\/div>[\/vc_column][vc_column width=&#8221;1\/2&#8243; css=&#8221;.vc_custom_1502460144933{padding-top: 0px !important;}&#8221;]<ul class=\"norebro-list-box-sc list-box  style-line border\" \n\tid=\"norebro-custom-69f33df029259\"\n\t \n\t>\n\t\n\t\t\t\n\t\t\t\t<li>\n\t\t\t\t\t\t\t<h4 class=\"title\"><a href=\"wp-content\/uploads\/2026\/04\/Poziv-na-dostavu-ponuda-1-1.pdf\" target=\"_blank\">Poziv na dostavu ponude za nabavu i instalaciju projektora u Lazaretima<\/a><\/h4>\n\t\t\t\t\t<\/li>\n\t\t\t\t<li>\n\t\t\t\t\t\t\t<h4 class=\"title\"><a href=\"wp-content\/uploads\/2026\/04\/Ponudbeni-list.docx\" target=\"_blank\">Prilog 1 - Ponudbeni list<\/a><\/h4>\n\t\t\t\t\t<\/li>\n\t\t\t\t<li>\n\t\t\t\t\t\t\t<h4 class=\"title\"><a href=\"wp-content\/uploads\/2026\/04\/Troskovnik.xlsx\" target=\"_blank\">Prilog 2 - Tro\u0161kovnik<\/a><\/h4>\n\t\t\t\t\t<\/li>\n\t\t\n\t\n<\/ul>[vc_empty_space]<ul class=\"norebro-list-box-sc list-box  style-line border\" \n\tid=\"norebro-custom-69f33df0292b1\"\n\t \n\t>\n\t\n\t\t\t\n\t\t\t\t<li>\n\t\t\t\t\t\t\t<h4 class=\"title\"><a href=\"wp-content\/uploads\/2026\/04\/Troskovnik-KOSO-PODIZNA-PLATFORMA.xls\" target=\"_blank\">Prilog 2 - Tro\u0161kovnik<\/a><\/h4>\n\t\t\t\t\t<\/li>\n\t\t\t\t<li>\n\t\t\t\t\t\t\t<h4 class=\"title\"><a href=\"wp-content\/uploads\/2026\/04\/PONUDBENI-LIST.docx\" target=\"_blank\">Prilog 1 - Ponudbeni list<\/a><\/h4>\n\t\t\t\t\t<\/li>\n\t\t\t\t<li>\n\t\t\t\t\t\t\t<h4 class=\"title\"><a href=\"wp-content\/uploads\/2026\/04\/Poziv-na-dostavu-ponuda-.pdf\" target=\"_blank\">Poziv na dostavu ponude za nabavu i ugradnju podizno stubi\u0161ne platforme za osobe sa samanjenom pokretljivo\u0161\u0107u u Lazaretima<\/a><\/h4>\n\t\t\t\t\t<\/li>\n\t\t\n\t\n<\/ul>[vc_empty_space]<ul class=\"norebro-list-box-sc list-box  style-line border\" \n\tid=\"norebro-custom-69f33df0292f0\"\n\t \n\t>\n\t\n\t\t\t\n\t\t\t\t<li>\n\t\t\t\t\t\t\t<h4 class=\"title\"><a href=\"wp-content\/uploads\/2026\/04\/Odluka-o-odabiru.pdf\" target=\"_blank\">Odluka o odabiru za nabavu usluga slo\u017eenog IK rje\u0161enja za 2026. godinu<\/a><\/h4>\n\t\t\t\t\t<\/li>\n\t\t\t\t<li>\n\t\t\t\t\t\t\t<h4 class=\"title\"><a href=\"wp-content\/uploads\/2026\/03\/Poziv-na-dostavu-ponude.pdf\" target=\"_blank\">Poziv na dostavu ponude za nabavu usluga slo\u017eenog IK rje\u0161enja za 2026. godinu<\/a><\/h4>\n\t\t\t\t\t<\/li>\n\t\t\n\t\n<\/ul>[vc_empty_space]<ul class=\"norebro-list-box-sc list-box  style-line border\" \n\tid=\"norebro-custom-69f33df02932d\"\n\t \n\t>\n\t\n\t\t\t\n\t\t\t\t<li>\n\t\t\t\t\t\t\t<h4 class=\"title\"><a href=\"wp-content\/uploads\/2026\/01\/Odluka-o-odabiru-1.pdf\" target=\"_blank\">Odluka o odabiru - Nabava materijala za \u010di\u0161\u0107enje za 2026. godinu<\/a><\/h4>\n\t\t\t\t\t<\/li>\n\t\t\t\t<li>\n\t\t\t\t\t\t\t<h4 class=\"title\"><a href=\"wp-content\/uploads\/2026\/01\/Poziv-na-dostavu-ponude.pdf\" target=\"_blank\">Poziv na dostavu ponude za nabavu materijala za \u010di\u0161\u0107enje za 2026. godinu<\/a><\/h4>\n\t\t\t\t\t<\/li>\n\t\t\t\t<li>\n\t\t\t\t\t\t\t<h4 class=\"title\"><a href=\"wp-content\/uploads\/2026\/01\/Ponudbeni-list.docx\" target=\"_blank\">Prilog 1 - Ponudbeni list<\/a><\/h4>\n\t\t\t\t\t<\/li>\n\t\t\t\t<li>\n\t\t\t\t\t\t\t<h4 class=\"title\"><a href=\"wp-content\/uploads\/2026\/01\/Troskovnik-Materijal-za-ciscenje.xls\" target=\"_blank\">Prilog 2 - Tro\u0161kovnik<\/a><\/h4>\n\t\t\t\t\t<\/li>\n\t\t\n\t\n<\/ul>[vc_empty_space]<ul class=\"norebro-list-box-sc list-box  style-line border\" \n\tid=\"norebro-custom-69f33df029368\"\n\t \n\t>\n\t\n\t\t\t\n\t\t\t\t<li>\n\t\t\t\t\t\t\t<h4 class=\"title\"><a href=\"wp-content\/uploads\/2026\/01\/Odluka-o-odabiru.pdf\" target=\"_blank\">Odluka o odabiru - Opskrba elektri\u010dne energije za 2026. godinu<\/a><\/h4>\n\t\t\t\t\t<\/li>\n\t\t\t\t<li>\n\t\t\t\t\t\t\t<h4 class=\"title\"><a href=\"wp-content\/uploads\/2026\/01\/DoN-elektricna-energija.pdf\" target=\"_blank\">Poziv na dostavu ponude za nabavu elektri\u010dne energije za 2026. godinu<\/a><\/h4>\n\t\t\t\t\t<\/li>\n\t\t\t\t<li>\n\t\t\t\t\t\t\t<h4 class=\"title\"><a href=\"wp-content\/uploads\/2026\/01\/Prilog-1-Ponudbeni-list.docx\" target=\"_blank\">Prilog 1 - Ponudbeni list<\/a><\/h4>\n\t\t\t\t\t<\/li>\n\t\t\t\t<li>\n\t\t\t\t\t\t\t<h4 class=\"title\"><a href=\"wp-content\/uploads\/2026\/01\/Dubrovacka-bastina-troskovnik-2026.xls\" target=\"_blank\">Prilog 2 - Tro\u0161kovnik<\/a><\/h4>\n\t\t\t\t\t<\/li>\n\t\t\n\t\n<\/ul>[vc_empty_space]<ul class=\"norebro-list-box-sc list-box  style-line border\" \n\tid=\"norebro-custom-69f33df0293a4\"\n\t \n\t>\n\t\n\t\t\t\n\t\t\t\t<li>\n\t\t\t\t\t\t\t<h4 class=\"title\"><a href=\"wp-content\/uploads\/2025\/07\/Odluka-o-odabiru.pdf\" target=\"_blank\">Odluka o odabiru - Osigurateljne usluge<\/a><\/h4>\n\t\t\t\t\t<\/li>\n\t\t\t\t<li>\n\t\t\t\t\t\t\t<h4 class=\"title\"><a href=\"wp-content\/uploads\/2025\/07\/Poziv-na-dostavu-ponude-Osigurateljne-usluge.pdf\" target=\"_blank\">Poziv na dostavu ponude - Osigurateljne usluge<\/a><\/h4>\n\t\t\t\t\t<\/li>\n\t\t\t\t<li>\n\t\t\t\t\t\t\t<h4 class=\"title\"><a href=\"wp-content\/uploads\/2025\/07\/Prilog-1-Ponudbeni-list.docx\" target=\"_blank\">Prilog 1 - Ponudbeni list<\/a><\/h4>\n\t\t\t\t\t<\/li>\n\t\t\t\t<li>\n\t\t\t\t\t\t\t<h4 class=\"title\"><a href=\"wp-content\/uploads\/2025\/07\/Troskovnik.xlsx\" target=\"_blank\">Prilog 2 - Tro\u0161kovnik<\/a><\/h4>\n\t\t\t\t\t<\/li>\n\t\t\n\t\n<\/ul>[vc_empty_space]<ul class=\"norebro-list-box-sc list-box  style-line border\" \n\tid=\"norebro-custom-69f33df0293db\"\n\t \n\t>\n\t\n\t\t\t\n\t\t\t\t<li>\n\t\t\t\t\t\t\t<h4 class=\"title\"><a href=\"wp-content\/uploads\/2025\/04\/ODLUKA-HT-2025.pdf\" target=\"_blank\">Odluka o odabiru za nabavu usluga slo\u017eenog IK rje\u0161enja za 2025. godinu<\/a><\/h4>\n\t\t\t\t\t<\/li>\n\t\t\t\t<li>\n\t\t\t\t\t\t\t<h4 class=\"title\"><a href=\"wp-content\/uploads\/2025\/03\/Poziv-na-dostavu-ponuda-za-nabavu-usluge-slozenog-IKT-rjesenja-za-2025.pdf\" target=\"_blank\">Poziv na dostavu ponude za nabavu usluga slo\u017eenog IK rje\u0161enja za 2025. godinu<\/a><\/h4>\n\t\t\t\t\t<\/li>\n\t\t\n\t\n<\/ul>[vc_empty_space]<ul class=\"norebro-list-box-sc list-box  style-line border\" \n\tid=\"norebro-custom-69f33df029412\"\n\t \n\t>\n\t\n\t\t\t\n\t\t\t\t<li>\n\t\t\t\t\t\t\t<h4 class=\"title\"><a href=\"wp-content\/uploads\/2025\/03\/Odluka_o_odabiru.pdf\">Odluka o odabiru za nabavu materijala za \u010di\u0161\u0107enje za 2025. godinu<\/a><\/h4>\n\t\t\t\t\t<\/li>\n\t\t\t\t<li>\n\t\t\t\t\t\t\t<h4 class=\"title\"><a href=\"wp-content\/uploads\/2025\/02\/Poziv_na_dostavu_ponude.pdf\">Poziv na dostavu ponude za nabavu materijala za \u010di\u0161\u0107enje za 2025. godinu<\/a><\/h4>\n\t\t\t\t\t<\/li>\n\t\t\t\t<li>\n\t\t\t\t\t\t\t<h4 class=\"title\"><a href=\"wp-content\/uploads\/2025\/02\/Prilog_1-Ponudbeni_list.docx\">Prilog 1 - Ponudbeni list<\/a><\/h4>\n\t\t\t\t\t<\/li>\n\t\t\t\t<li>\n\t\t\t\t\t\t\t<h4 class=\"title\"><a href=\"wp-content\/uploads\/2025\/02\/Prilog_2-Troskovnik.xls\">Prilog 2 - Tro\u0161kovnik<\/a><\/h4>\n\t\t\t\t\t<\/li>\n\t\t\n\t\n<\/ul>[vc_empty_space]<ul class=\"norebro-list-box-sc list-box  style-line border\" \n\tid=\"norebro-custom-69f33df029449\"\n\t \n\t>\n\t\n\t\t\t\n\t\t\t\t<li>\n\t\t\t\t\t\t\t<h4 class=\"title\"><a href=\"wp-content\/uploads\/2025\/02\/Odluka-o-odabiru.pdf\" target=\"_blank\">Odluka o odabiru za nabavu elektri\u010dne energije za 2025. godinu<\/a><\/h4>\n\t\t\t\t\t<\/li>\n\t\t\t\t<li>\n\t\t\t\t\t\t\t<h4 class=\"title\"><a href=\"wp-content\/uploads\/2024\/12\/DoN-elektricna-energija.pdf\" target=\"_blank\">Poziv na dostavu ponude za nabavu elektri\u010dne energije za 2025. godinu<\/a><\/h4>\n\t\t\t\t\t<\/li>\n\t\t\t\t<li>\n\t\t\t\t\t\t\t<h4 class=\"title\"><a href=\"wp-content\/uploads\/2024\/12\/Prilog-1-Ponudbeni-list.docx\" target=\"_blank\">Prilog 1 - Ponudbeni list<\/a><\/h4>\n\t\t\t\t\t<\/li>\n\t\t\t\t<li>\n\t\t\t\t\t\t\t<h4 class=\"title\"><a href=\"wp-content\/uploads\/2024\/12\/Prilog-2-Troskovnik.xlsx\">Prilog 2 - Tro\u0161kovnik<\/a><\/h4>\n\t\t\t\t\t<\/li>\n\t\t\n\t\n<\/ul>[vc_empty_space]<ul class=\"norebro-list-box-sc list-box  style-line border\" \n\tid=\"norebro-custom-69f33df029487\"\n\t \n\t>\n\t\n\t\t\t\n\t\t\t\t<li>\n\t\t\t\t\t\t\t<h4 class=\"title\"><a href=\"wp-content\/uploads\/2024\/12\/Odluka-o-ponistenju-postupka.pdf\" target=\"_blank\">Odluka o poni\u0161tenju postupka za nabavu elektri\u010dne energije za 2025. godinu<\/a><\/h4>\n\t\t\t\t\t<\/li>\n\t\t\t\t<li>\n\t\t\t\t\t\t\t<h4 class=\"title\"><a href=\"wp-content\/uploads\/2024\/11\/DoN-elektricna-energija.pdf\" target=\"_blank\">Poziv na dostavu ponude za nabavu elektri\u010dne energije za 2025. godinu<\/a><\/h4>\n\t\t\t\t\t<\/li>\n\t\t\t\t<li>\n\t\t\t\t\t\t\t<h4 class=\"title\"><a href=\"wp-content\/uploads\/2024\/11\/Prilog-1-Ponudbeni-list.docx\" target=\"_blank\">Prilog 1 - Ponudbeni list<\/a><\/h4>\n\t\t\t\t\t<\/li>\n\t\t\t\t<li>\n\t\t\t\t\t\t\t<h4 class=\"title\"><a href=\"wp-content\/uploads\/2024\/11\/Prilog-2-Troskovnik.xlsx\">Prilog 2 - Tro\u0161kovnik<\/a><\/h4>\n\t\t\t\t\t<\/li>\n\t\t\n\t\n<\/ul>[vc_empty_space]<ul class=\"norebro-list-box-sc list-box  style-line border\" \n\tid=\"norebro-custom-69f33df0294e9\"\n\t \n\t>\n\t\n\t\t\t\n\t\t\t\t<li>\n\t\t\t\t\t\t\t<h4 class=\"title\"><a href=\"wp-content\/uploads\/2024\/03\/Odluka_-o_odabiru-Materijal_za_ciscenje.pdf\" target=\"_blank\">Odluka o odabiru - Materijal za \u010di\u0161\u0107enje za 2024. godinu<\/a><\/h4>\n\t\t\t\t\t<\/li>\n\t\t\t\t<li>\n\t\t\t\t\t\t\t<h4 class=\"title\"><a href=\"wp-content\/uploads\/2024\/02\/Poziv_na_dostavu_ponude.pdf\" target=\"_blank\">Poziv na dostavu ponude za nabavu materijala za \u010di\u0161\u0107enje za 2024. godinu<\/a><\/h4>\n\t\t\t\t\t<\/li>\n\t\t\t\t<li>\n\t\t\t\t\t\t\t<h4 class=\"title\"><a href=\"wp-content\/uploads\/2024\/02\/Prilog_1-Ponudbeni_list_materijal.docx\" target=\"_blank\">Prilog 1 - Ponudbeni list<\/a><\/h4>\n\t\t\t\t\t<\/li>\n\t\t\t\t<li>\n\t\t\t\t\t\t\t<h4 class=\"title\"><a href=\"wp-content\/uploads\/2024\/03\/Troskovnik-Materijal-za-ciscenje.xls\">Prilog 2 - Tro\u0161kovnik materijal za \u010di\u0161\u0107enje<\/a><\/h4>\n\t\t\t\t\t<\/li>\n\t\t\n\t\n<\/ul>[vc_empty_space height=&#8221;10px&#8221;]<ul class=\"norebro-list-box-sc list-box  style-line border\" \n\tid=\"norebro-custom-69f33df02951d\"\n\t \n\t>\n\t\n\t\t\t\n\t\t\t\t<li>\n\t\t\t\t\t\t\t<h4 class=\"title\"><a href=\"wp-content\/uploads\/2024\/02\/Odluka-o-odabiru.pdf\" target=\"_blank\">Odluka o odabiru za nabavu usluga slo\u017eenog IK rje\u0161enja za 2024. godinu<\/a><\/h4>\n\t\t\t\t\t<\/li>\n\t\t\t\t<li>\n\t\t\t\t\t\t\t<h4 class=\"title\"><a href=\"wp-content\/uploads\/2024\/02\/Poziv_na_dostavu_ponude_za_2024_godinu-Nabava_usluge_slozenog_IKT_rjesenja-mreza_kao_platforma.pdf\" target=\"_blank\">Poziv na dostavu ponude za nabavu usluga slo\u017eenog IK rje\u0161enja za 2024. godinu<\/a><\/h4>\n\t\t\t\t\t<\/li>\n\t\t\n\t\n<\/ul>[vc_empty_space height=&#8221;10px&#8221;]<ul class=\"norebro-list-box-sc list-box  style-line border\" \n\tid=\"norebro-custom-69f33df029553\"\n\t \n\t>\n\t\n\t\t\t\n\t\t\t\t<li>\n\t\t\t\t\t\t\t<h4 class=\"title\"><a href=\"wp-content\/uploads\/2024\/01\/Odluka_o_odabiru_elektricna_energija.pdf\" target=\"_blank\">Odluka o odabiru - opskrba elektri\u010dnom energijom za 2024. godinu<\/a><\/h4>\n\t\t\t\t\t<\/li>\n\t\t\t\t<li>\n\t\t\t\t\t\t\t<h4 class=\"title\"><a href=\"wp-content\/uploads\/2023\/12\/DoN_elektricna_energija.pdf\" target=\"_blank\">Nabava robe - opskrba elektri\u010dnom energijom za 2024. godinu<\/a><\/h4>\n\t\t\t\t\t<\/li>\n\t\t\t\t<li>\n\t\t\t\t\t\t\t<h4 class=\"title\"><a href=\"wp-content\/uploads\/2023\/12\/Prilog-1-Ponudbeni-list.docx\" target=\"_blank\">Prilog 1 - Ponudbeni list<\/a><\/h4>\n\t\t\t\t\t<\/li>\n\t\t\t\t<li>\n\t\t\t\t\t\t\t<h4 class=\"title\"><a href=\"wp-content\/uploads\/2023\/12\/Prilog-2-Troskovnik-struja.xlsx\" target=\"_blank\">Prilog 2 - Tro\u0161kovnik elektri\u010dna energija<\/a><\/h4>\n\t\t\t\t\t<\/li>\n\t\t\n\t\n<\/ul>[vc_empty_space height=&#8221;10px&#8221;]<div class=\"norebro-text-sc \" \n\tid=\"norebro-custom-69f33df029593\" \n\t \n\t>\n\n\t<ul id=\"norebro-custom-640072ecce8f2\" class=\"norebro-list-box-sc list-box style-line border\">\n<li><strong><a href=\"https:\/\/dubrovackabastina.com\/wp-content\/uploads\/2023\/03\/Poziv-na-dostavu-ponuda-elektri\u010dna-energija-1.pdf\">Poziv na dostavu ponuda &#8211; elektri\u010dna energija<\/a><\/strong><\/li>\n<li><strong><a href=\"https:\/\/dubrovackabastina.com\/wp-content\/uploads\/2023\/03\/Tro\u0161kovnik.xlsx\">Tro\u0161kovnik &#8211; elektri\u010dna energija<\/a><\/strong><\/li>\n<\/ul>\n\t\n<\/div>[vc_empty_space height=&#8221;10px&#8221;]<ul class=\"norebro-list-box-sc list-box  style-line border\" \n\tid=\"norebro-custom-69f33df0295c4\"\n\t \n\t>\n\t\n\t\t\t\n\t\t\t\t<li>\n\t\t\t\t\t\t\t<h4 class=\"title\"><a href=\"https:\/\/eojn.hr\" target=\"_blank\">Plan nabave<\/a><\/h4>\n\t\t\t\t\t<\/li>\n\t\t\t\t<li>\n\t\t\t\t\t\t\t<h4 class=\"title\"><a href=\"https:\/\/eojn.nn.hr\/Spin\/application\/ipn\/JavniReporti\/RptPlanoviNabave.aspx\" target=\"_blank\">Plan nabave - arhiva<\/a><\/h4>\n\t\t\t\t\t<\/li>\n\t\t\t\t<li>\n\t\t\t\t\t\t\t<h4 class=\"title\"><a href=\"https:\/\/eojn.nn.hr\/Spin\/application\/ipn\/JavniReporti\/RptRegistarUgovora.aspx\" target=\"_blank\">Registar Ugovora<\/a><\/h4>\n\t\t\t\t\t<\/li>\n\t\t\t\t<li>\n\t\t\t\t\t\t\t<h4 class=\"title\"><a href=\"wp-content\/uploads\/2023\/08\/Pravilnik_o_provedbi_postupka_jednostavne_nabave.pdf\" target=\"_blank\">Pravilnik o jednostavnoj nabavi<\/a><\/h4>\n\t\t\t\t\t<\/li>\n\t\t\n\t\n<\/ul>[\/vc_column][\/vc_row][vc_row][vc_column][vc_empty_space height=&#8221;100px&#8221;][\/vc_column][\/vc_row][vc_row][vc_column][vc_empty_space height=&#8221;100px&#8221;][\/vc_column][\/vc_row]\n","protected":false},"excerpt":{"rendered":"<p>[vc_row][vc_column][vc_empty_space height=&#8221;100px&#8221;][\/vc_column][\/vc_row][vc_row full_width=&#8221;stretch_row&#8221;][vc_column width=&#8221;1\/2&#8243;][vc_empty_space height=&#8221;10px&#8221;][\/vc_column][vc_column width=&#8221;1\/2&#8243; css=&#8221;.vc_custom_1502460144933{padding-top: 0px !important;}&#8221;][vc_empty_space][vc_empty_space][vc_empty_space][vc_empty_space][vc_empty_space][vc_empty_space][vc_empty_space][vc_empty_space][vc_empty_space][vc_empty_space][vc_empty_space height=&#8221;10px&#8221;][vc_empty_space height=&#8221;10px&#8221;][vc_empty_space height=&#8221;10px&#8221;][vc_empty_space height=&#8221;10px&#8221;][\/vc_column][\/vc_row][vc_row][vc_column][vc_empty_space height=&#8221;100px&#8221;][\/vc_column][\/vc_row][vc_row][vc_column][vc_empty_space&#8230;<\/p>\n","protected":false},"author":1,"featured_media":0,"parent":0,"menu_order":0,"comment_status":"closed","ping_status":"closed","template":"","meta":[],"folder":[],"_links":{"self":[{"href":"https:\/\/dubrovackabastina.com\/index.php?rest_route=\/wp\/v2\/pages\/5666531"}],"collection":[{"href":"https:\/\/dubrovackabastina.com\/index.php?rest_route=\/wp\/v2\/pages"}],"about":[{"href":"https:\/\/dubrovackabastina.com\/index.php?rest_route=\/wp\/v2\/types\/page"}],"author":[{"embeddable":true,"href":"https:\/\/dubrovackabastina.com\/index.php?rest_route=\/wp\/v2\/users\/1"}],"replies":[{"embeddable":true,"href":"https:\/\/dubrovackabastina.com\/index.php?rest_route=%2Fwp%2Fv2%2Fcomments&post=5666531"}],"version-history":[{"count":74,"href":"https:\/\/dubrovackabastina.com\/index.php?rest_route=\/wp\/v2\/pages\/5666531\/revisions"}],"predecessor-version":[{"id":5670081,"href":"https:\/\/dubrovackabastina.com\/index.php?rest_route=\/wp\/v2\/pages\/5666531\/revisions\/5670081"}],"wp:attachment":[{"href":"https:\/\/dubrovackabastina.com\/index.php?rest_route=%2Fwp%2Fv2%2Fmedia&parent=5666531"}],"wp:term":[{"taxonomy":"folder","embeddable":true,"href":"https:\/\/dubrovackabastina.com\/index.php?rest_route=%2Fwp%2Fv2%2Ffolder&post=5666531"}],"curies":[{"name":"wp","href":"https:\/\/api.w.org\/{rel}","templated":true}]}}