{"id":5669715,"date":"2025-07-27T18:06:51","date_gmt":"2025-07-27T18:06:51","guid":{"rendered":"https:\/\/dubrovackabastina.com\/?page_id=5669715"},"modified":"2025-07-30T05:33:58","modified_gmt":"2025-07-30T05:33:58","slug":"lazareti-monografija","status":"publish","type":"page","link":"https:\/\/dubrovackabastina.com\/?page_id=5669715","title":{"rendered":"Lazareti kroz povijest"},"content":{"rendered":"[vc_row full_width=&#8221;stretch_row&#8221;][vc_column][vc_empty_space height=&#8221;90px&#8221; el_class=&#8221;norebro-phone-space&#8221;][\/vc_column][\/vc_row][vc_row full_width=&#8221;stretch_row&#8221;][vc_column width=&#8221;2\/3&#8243;]<div class=\"norebro-heading-sc heading text-left\"\n\tid=\"norebro-custom-69ef9584aa393\" \n\t \n\t>\n\t\n\t\n\t\n\t<h3 class=\"title\">\n\t\tLazareti\u2013 Dubrova\u010dka karantena i trgova\u010dko srce Mediterana\t<\/h3>\n\n\t\t\t<div class=\"divider\"><\/div>\n\t\n\t\t\n<\/div>[vc_empty_space height=&#8221;10px&#8221;][vc_single_image image=&#8221;5669552&#8243; img_size=&#8221;full&#8221; alignment=&#8221;center&#8221;][vc_empty_space height=&#8221;10px&#8221;]<div class=\"norebro-text-sc \" \n\tid=\"norebro-custom-69ef9584aa497\" \n\t \n\t>\n\n\t<div style=\"font-weight: 400;\">\n<p align=\"justify\">Na samom pragu Starog grada Dubrovnika, uz isto\u010dni ulaz s Plo\u010da, smjestio se jedinstveni kompleks Lazareta, svjedok jednog od najnaprednijih zdravstvenih sustava svoga vremena &#8211; najbolje o\u010duvana karantena na Mediteranu. No Lazareti nisu samo zidine \u2013 oni su mozaik iznimne povijesti, smjelih odluka i dubrova\u010dke mudrosti.<\/p>\n<p align=\"justify\">Povijest Lazareta se\u017ee u doba Crne smrti \u2013 razorne epidemije kuge koja je u 14. stolje\u0107u poharala Europu, odnose\u0107i \u017eivote desetaka milijuna ljudi. Ni Dubrova\u010dka Republika nije ostala po\u0161te\u0111ena \u2013epidemija je u kratkom vremenu odnijela oko 2500 \u017eivota, potaknuv\u0161i gradske vlasti na reakciju. Godine <b>1377.<\/b>, mnogo prije nego \u0161to je ostatak Europe shvatio va\u017enost kontrole \u0161irenja bolesti, <b>Veliko vije\u0107e Republike donosi zakon o obveznoj karanteni<\/b> \u2013 prvi takav dokument u povijesti.<\/p>\n<\/div>\n\t\n<\/div>[vc_empty_space height=&#8221;40px&#8221;][vc_single_image image=&#8221;5669720&#8243; img_size=&#8221;medium&#8221;][vc_empty_space height=&#8221;10px&#8221;][vc_single_image image=&#8221;5669718&#8243; img_size=&#8221;large&#8221;]<div class=\"norebro-text-sc \" \n\tid=\"norebro-custom-69ef9584aa520\" \n\t \n\t>\n\n\t<div style=\"font-weight: 400;\">\n<p align=\"justify\">Putnici i trgovci koji su dolazili u Dubrova\u010dku Republiku morali su provesti odre\u0111eno vrijeme u izolaciji, najprije 30, a kasnije 40 dana \u2013 \u010dime je nastao i sam pojam karentene (<i>tal. quaranta giorni \u010detrdeset dana<\/i>). Karantena je isprva bila u Cavtatu, na otocima Mrkanu, Bobari, Supetru i Mljetu, na Dan\u010dama, na Lokrumu te na Plo\u010dama, u drvenim zgradama pa \u010dak i na otvorenom. Oprezna Dubrova\u010dka Republika dugo je odga\u0111ala podizanje stalne kamene karantenske konstrukcije iz opravdanog straha kako bi takva gra\u0111evina mogla poslu\u017eiti neprijateljima kao utvrda iz koje bi se mogao napasti grad. Me\u0111utim, potreba za institucijom koja bi osiguravala protok ljudi i roba, istodobno \u0161tite\u0107i gra\u0111ane od bolesti je prevladala te 1590. dubrova\u010dki Senat donosi odluku o izgradnji karantenskog kompleksa na Plo\u010dama. Lokacija nije odabrana slu\u010dajno \u2013 u blizini luke, ali dovoljno udaljena od sredi\u0161ta grada, te na raskri\u017eju trgova\u010dkih putova koji su Dubrovnik povezivali s Osmanskim Carstvom i Dalekim Istokom.<\/p>\n<\/div>\n\t\n<\/div>[vc_empty_space height=&#8221;10px&#8221;][vc_single_image image=&#8221;5669723&#8243; img_size=&#8221;full&#8221;][vc_empty_space height=&#8221;10px&#8221;]<div class=\"norebro-text-sc \" \n\tid=\"norebro-custom-69ef9584aa592\" \n\t \n\t>\n\n\t<div style=\"font-weight: 400;\">\n<p align=\"justify\"><b>Gradnja Lazareta trajala je od 1627. do 1647.<\/b>, a rezultat je bio iznimno funkcionalan, ali i arhitektonski impresivan sustav prostora namijenjen kontroli ulaska ljudi i dobara u grad.<\/p>\n<p align=\"justify\">Kompleks se sastoji od <b>deset la\u0111a<\/b> (kameno zidane zgrade s trijemovima), <b>pet unutarnjih dvori\u0161ta<\/b> (tzv. <i>bad\u017eafera<\/i>) i <b>dvije stra\u017earnice<\/b>. Sustav je bio strogo organiziran i pa\u017eljivo osmi\u0161ljen kako bi se osigurao nadzor i izolacija bez gubitka dostojanstva putnika. Putnici su boravili u zasebnim prostorijama s malim terasama, a njihova roba, \u010desto dragocjena i egzoti\u010dna, rasku\u017eivala se u trijemovima i dvori\u0161tima.<\/p>\n<\/div>\n\t\n<\/div>[vc_empty_space height=&#8221;10px&#8221;][vc_single_image image=&#8221;5669722&#8243; img_size=&#8221;full&#8221; alignment=&#8221;center&#8221;][vc_empty_space height=&#8221;10px&#8221;]<div class=\"norebro-text-sc \" \n\tid=\"norebro-custom-69ef9584aa5f4\" \n\t \n\t>\n\n\t<div style=\"font-weight: 400;\">\n<p align=\"justify\">Lazareti nisu bili mjesto kazne, ve\u0107 <b>mjesto prevencije, za\u0161tite i trgovine<\/b>. Cijelim sustavom upravljao je kapetan Lazareta, uz podr\u0161ku stalne stra\u017ee, a dodatni vojnici pozivali su se po potrebi. Kroz njih su prolazili trgovci iz okolice i dalekih zemalja: Bosne i Hercegovine, Srbije, Makedonije, Albanije, Gr\u010dke, Turske, sjeverne Afrike, a donosili su vunu, svilu, ko\u017eu, ulje, su\u0161enu ribu i vo\u0107e. S njima su putovali sve\u0107enici raznih vjeroispovijesti, islamski mistici \u2013 dervi\u0161i, pa i osmanski emini, slu\u017ebenici koji su prikupljali carinu i djelovali poput diplomatskih predstavnika, a prostor je odisao jezi\u010dnom, vjerskom i kulturnom raznoliko\u0161\u0107u.<\/p>\n<\/div>\n\t\n<\/div>[vc_empty_space height=&#8221;10px&#8221;]<div class=\"norebro-text-sc \" \n\tid=\"norebro-custom-69ef9584aa652\" \n\t \n\t>\n\n\t<div style=\"font-weight: 400;\">\n<p align=\"justify\">Lazareti su aktivno slu\u017eili svojoj izvornoj svrsi sve do kraja 19. stolje\u0107a, to\u010dnije do <b>1874.<\/b>, kada moderna medicina i napredak u razumijevanju zaraza \u010dine karantene manje potrebnima. U desetlje\u0107ima nakon toga, kompleks je kori\u0161ten za razne svrhe \u2013 od skladi\u0161ta do tr\u017enice. Tek 1970-ih godina ponovno se budi svijest o povijesnom i kulturnom zna\u010daju Lazareta. Kroz godine, kompleks se obnavlja i postupno vra\u0107a svom dostojanstvu. Zahvaljuju\u0107i svojoj iznimnoj povijesnoj va\u017enosti i o\u010duvanosti, Lazareti su 1994. godine uvr\u0161teni na <b>UNESCO-ov Popis svjetske ba\u0161tine<\/b> kao dio obrambenog sustava Dubrovnika. Zavr\u0161na faza obnove realizirana je uz potporu Europske unije.<\/p>\n<\/div>\n\t\n<\/div>[vc_empty_space height=&#8221;10px&#8221;][vc_gallery type=&#8221;image_grid&#8221; images=&#8221;5669738,5669736,5669737,5669756&#8243; img_size=&#8221;medium&#8221;]<div class=\"norebro-text-sc \" \n\tid=\"norebro-custom-69ef9584aa6ab\" \n\t \n\t>\n\n\t<div style=\"font-weight: 400;\">\n<p align=\"justify\"><span style=\"font-size: small;\"><i>Izvor: Zavod za obnovu Dubrovnik<\/i><\/span><\/p>\n<\/div>\n\t\n<\/div>[vc_empty_space height=&#8221;10px&#8221;]<div class=\"norebro-text-sc \" \n\tid=\"norebro-custom-69ef9584aa703\" \n\t \n\t>\n\n\t<div style=\"font-weight: 400;\">\n<p align=\"justify\">Danas su Lazareti <b>kulturni i kreativni centar<\/b>, dom folklornim, umjetni\u010dkim i dru\u0161tvenim organizacijama. Prostor \u017eivi kao mjesto doga\u0111anja, susreta i stvaranja, ali istovremeno ostaje sna\u017ean simbol dubrova\u010dke mudrosti \u2013 spoj zdravlja, trgovine i humanizma.<\/p>\n<\/div>\n\t\n<\/div>[vc_empty_space height=&#8221;10px&#8221;]<ul class=\"norebro-list-box-sc list-box \" \n\tid=\"norebro-custom-69ef9584aa75b\"\n\t \n\t>\n\t\n\t\t\t\n\t\t\t\t<li>\n\t\t\t\t\t\t\t<h4 class=\"title\"><a href=\"https:\/\/dubrovackabastina.com\/wp-content\/uploads\/2025\/07\/MonografijaHRV_0.pdf\" target=\"blank\">Monografija Lazareta <\/a><\/h4>\n\t\t\t\t\t<\/li>\n\t\t\n\t\n<\/ul>[vc_empty_space height=&#8221;10px&#8221;]<div class=\"norebro-heading-sc heading text-left\"\n\tid=\"norebro-custom-69ef9584aa7e6\" \n\t \n\t>\n\t\n\t\n\t\n\t<h3 class=\"title\">\n\t\tFollow us\t<\/h3>\n\n\t\n\t\t\n<\/div>[vc_empty_space height=&#8221;20px&#8221;]<div class=\"norebro-socialbar-sc socialbar  text-left new-tab-links social-column-2 shadow\" \n\tid=\"norebro-custom-69ef9584aa865\" \n\t \n\t>\n\n\t\n\t\t\t<a href=\" https:\/\/www.facebook.com\/Dubrova%C4%8Dka-ba%C5%A1tina-100402618069188\/\" target=\"_blank\" class=\"facebook\">\n\t\t\t\t\t\t<span class=\"icon fa fa-facebook\"><\/span>\n\t\t\t\t\t\t\t\t<\/a>\n\t\n\t\t\t<a href=\" https:\/\/instagram.com\/dubrovackabastina?igshid=vqkqqx1br5va\" target=\"_blank\" class=\"instagram\">\n\t\t\t\t\t\t<span class=\"icon fa fa-instagram\"><\/span>\n\t\t\t\t\t\t\t\t<\/a>\n\t\n\t\n\t\n\t\n\t\n\t\n\t\n\t\n\t\n\t\n\t\n\t\n\t\n\t\n\t\n\t\n\t\n\t\n\t\n\t\n\t\n<\/div>[vc_empty_space height=&#8221;60px&#8221;][\/vc_column][\/vc_row][vc_row full_width=&#8221;stretch_row&#8221;][vc_column][vc_empty_space height=&#8221;90px&#8221; el_class=&#8221;norebro-phone-space&#8221;][\/vc_column][\/vc_row]\n","protected":false},"excerpt":{"rendered":"<p>[vc_row full_width=&#8221;stretch_row&#8221;][vc_column][vc_empty_space height=&#8221;90px&#8221; el_class=&#8221;norebro-phone-space&#8221;][\/vc_column][\/vc_row][vc_row full_width=&#8221;stretch_row&#8221;][vc_column width=&#8221;2\/3&#8243;][vc_empty_space height=&#8221;10px&#8221;][vc_single_image image=&#8221;5669552&#8243; img_size=&#8221;full&#8221; alignment=&#8221;center&#8221;][vc_empty_space height=&#8221;10px&#8221;][vc_empty_space height=&#8221;40px&#8221;][vc_single_image image=&#8221;5669720&#8243; img_size=&#8221;medium&#8221;][vc_empty_space&#8230;<\/p>\n","protected":false},"author":5,"featured_media":5669721,"parent":0,"menu_order":0,"comment_status":"closed","ping_status":"closed","template":"","meta":[],"folder":[],"_links":{"self":[{"href":"https:\/\/dubrovackabastina.com\/index.php?rest_route=\/wp\/v2\/pages\/5669715"}],"collection":[{"href":"https:\/\/dubrovackabastina.com\/index.php?rest_route=\/wp\/v2\/pages"}],"about":[{"href":"https:\/\/dubrovackabastina.com\/index.php?rest_route=\/wp\/v2\/types\/page"}],"author":[{"embeddable":true,"href":"https:\/\/dubrovackabastina.com\/index.php?rest_route=\/wp\/v2\/users\/5"}],"replies":[{"embeddable":true,"href":"https:\/\/dubrovackabastina.com\/index.php?rest_route=%2Fwp%2Fv2%2Fcomments&post=5669715"}],"version-history":[{"count":32,"href":"https:\/\/dubrovackabastina.com\/index.php?rest_route=\/wp\/v2\/pages\/5669715\/revisions"}],"predecessor-version":[{"id":5669787,"href":"https:\/\/dubrovackabastina.com\/index.php?rest_route=\/wp\/v2\/pages\/5669715\/revisions\/5669787"}],"wp:featuredmedia":[{"embeddable":true,"href":"https:\/\/dubrovackabastina.com\/index.php?rest_route=\/wp\/v2\/media\/5669721"}],"wp:attachment":[{"href":"https:\/\/dubrovackabastina.com\/index.php?rest_route=%2Fwp%2Fv2%2Fmedia&parent=5669715"}],"wp:term":[{"taxonomy":"folder","embeddable":true,"href":"https:\/\/dubrovackabastina.com\/index.php?rest_route=%2Fwp%2Fv2%2Ffolder&post=5669715"}],"curies":[{"name":"wp","href":"https:\/\/api.w.org\/{rel}","templated":true}]}}